75. Determine g(-162).
-5
Let a(y) = 2*y**2 + 308*y + 3421. Determine a(-12).
13
Let y(d) = -263*d + 1318. What is y(5)?
3
Let x(j) = -7*j - 35. Determine x(-5).
0
Let m(f) = -7*f**2 - 13*f - 7. Give m(-8).
-351
Let w(s) = 2*s**3 - 59*s**2 - 22*s - 18. What is w(30)?
222
Let z(y) = -13*y - 852. Calculate z(-67).
19
Let g(l) = l**3 - 44*l - 560. What is g(10)?
0
Let j(x) = 5416*x - 21672. What is j(4)?
-8
Let l(u) = u**3 + 29*u**2 - 172*u - 41. Determine l(-34).
27
Let z(d) = 7*d**2 + 13*d - 29. Calculate z(5).
211
Let t(i) = i**3 - 115*i**2 - 119*i + 272. Determine t(116).
-76
Let w(b) = -2*b**3 + 4*b**2 + 2*b + 3. Give w(3).
-9
Let g(n) = 15*n**2 + 853*n - 128. What is g(-57)?
-14
Let s(a) = a**3 + 24*a**2 - 54*a - 86. What is s(-26)?
-34
Let q(w) = -3*w**3 - 3*w**2 + w - 216. What is q(0)?
-216
Let z(s) = 2*s**3 - 124*s**2 + 90*s - 5567. What is z(62)?
13
Let n(m) = 12*m**2 - 192*m - 6. What is n(13)?
-474
Let n(a) = -21*a**3 + 566*a**2 - 9*a + 976. Determine n(27).
4
Let h(u) = -211*u - 1003. What is h(-5)?
52
Let x(r) = r**2 - 25*r + 24. Give x(9).
-120
Let v(d) = -432*d**3 + d**2 - d. Calculate v(1).
-432
Let u(o) = 2*o**3 + 54*o**2 - 53*o + 106. Calculate u(-28).
22
Let x(w) = -5*w - 91. Give x(21).
-196
Let k(a) = -4*a**2 + 1354*a + 6867. What is k(-5)?
-3
Let c(h) = -h**3 + 33*h**2 - 41*h - 643. Give c(31).
8
Let a(y) = y**3 + 5*y**2 + 27*y + 61. Calculate a(-4).
-31
Let k(i) = i**3 - 48*i**2 + 387*i - 238. What is k(38)?
28
Let k(t) = 2*t**3 - 71*t**2 + 37*t - 206. What is k(35)?
-136
Let a(q) = q**3 - 30*q**2 - 319*q + 11. What is a(-8)?
131
Let k(b) = b**3 - 21*b**2 + 104*b - 4229. Give k(24).
-5
Let w(c) = c**3 + 388*c**2 - 2*c - 767. Calculate w(-388).
9
Let c(s) = 11*s + 547. Determine c(-50).
-3
Let p(f) = -9*f**3 - 268*f**2 + 57*f - 105. Give p(-30).
-15
Let s(y) = 18*y + 250. Give s(-10).
70
Let n(y) = 124*y - 8383. Determine n(68).
49
Let q(b) = 42*b + 335. What is q(-8)?
-1
Let j(b) = -b**3 - 31*b**2 - 34*b - 1107. Give j(-31).
-53
Let k(s) = -s**3 + 4*s**2 - 9*s + 41. Calculate k(3).
23
Let t(a) = 73*a - 150. Give t(0).
-150
Let g(f) = 52*f + 1052. What is g(-38)?
-924
Let q(m) = -50*m - 218. Calculate q(-4).
-18
Let o(l) = l**3 - 17*l**2 + 41*l + 13. What is o(14)?
-1
Let l(b) = -b**3 + 22*b**2 - 110*b - 7. Give l(8).
9
Let g(o) = o**3 - 33*o**2 + 67*o - 24. What is g(32)?
1096
Let l(h) = h**3 + 62*h**2 - 619*h + 1418. What is l(-71)?
-2
Let x(h) = -220*h - 593. What is x(-3)?
67
Let t(h) = h**3 + 27*h**2 - 42*h + 125. Calculate t(-29).
-339
Let r(q) = 104*q - 261. Calculate r(3).
51
Let g(p) = -p**2 + 62*p + 461. Calculate g(69).
-22
Let g(n) = -24*n**3 + 3*n**2 + 31*n - 76. Determine g(2).
-194
Let d(j) = 5*j**2 - 798*j - 3983. What is d(-5)?
132
Let v(k) = -104*k**2 - 33*k - 34. Determine v(-1).
-105
Let w(p) = -18*p**2 - 609*p + 2420. Give w(4).
-304
Let x(o) = 778*o - 42782. Determine x(55).
8
Let l(k) = -45*k - 751. Give l(-18).
59
Let g(t) = -13*t - 283. Calculate g(-36).
185
Let y(t) = 3*t**2 + 92*t + 266. Determine y(-3).
17
Let o(m) = -m**2 - 12505*m - 99973. What is o(-8)?
3
Let j(p) = -2557*p + 12775. Give j(5).
-10
Let v(c) = -2*c**3 + 248*c**2 - 248*c + 242. Calculate v(123).
-4
Let l(y) = -y**2 + 38*y - 283. Give l(8).
-43
Let s(l) = -3*l**3 - 20*l**2 + 9*l + 75. Give s(-2).
1
Let g(k) = -k**2 + 45*k + 411. Give g(-8).
-13
Let r(f) = -f**3 + 42*f**2 - 78*f - 62. Give r(40).
18
Let b(x) = 1157*x + 6990. Determine b(-6).
48
Let g(u) = -u**2 + 349. Determine g(-18).
25
Let i(a) = a**2 - 7*a - 25. Give i(3).
-37
Let j(t) = 164*t - 3054. What is j(19)?
62
Let h(l) = -l**2 - 20*l + 1186. Determine h(26).
-10
Let c(n) = 2*n**2 + 6*n + 7. Calculate c(-5).
27
Let m(i) = 1577*i - 39464. Determine m(25).
-39
Let p(q) = 238*q + 804. Determine p(-4).
-148
Let u(x) = 2089*x + 4190. What is u(-2)?
12
Let v(a) = -4*a - 85. What is v(-12)?
-37
Let k(d) = d**2 - 117*d - 881. What is k(-7)?
-13
Let d(r) = 10*r**3 + 28*r**2 - 16*r - 15. Calculate d(-1).
19
Let i(s) = 82*s + 1726. What is i(-21)?
4
Let n(v) = -18*v + 30. Determine n(4).
-42
Let l(d) = 2*d**2 + 13*d - 166. Determine l(10).
164
Let p(i) = -2*i**3 - 41*i**2 + 28*i + 62. Give p(-21).
-85
Let b(f) = -3*f**2 - 82*f + 108. Give b(-29).
-37
Let n(m) = -m**3 - 25*m**2 + 130*m + 679. Determine n(-29).
273
Let f(v) = -v**2 + 148*v - 4699. Give f(45).
-64
Let t(d) = -d**3 + 33*d**2 + 28*d + 301. Determine t(34).
97
Let c(x) = 4*x**2 + 476*x - 4. Determine c(-119).
-4
Let x(y) = 16*y + 355. Determine x(-23).
-13
Let m(d) = 8*d**2 + 6*d - 63. Determine m(7).
371
Let d(f) = -161*f**2 + 3543*f - 36. Give d(22).
-14
Let b(a) = a**3 + 15*a**2 + 25*a - 26. What is b(-13)?
-13
Let q(p) = 12*p - 773. Calculate q(65).
7
Let t(k) = -2*k**2 + 56*k + 2475. Give t(-24).
-21
Let v(c) = -c - 53. Calculate v(41).
-94
Let c(d) = -3*d**2 + 111*d - 133. Give c(37).
-133
Let y(c) = -538*c + 1608. Give y(3).
-6
Let t(x) = x**3 + 30*x**2 - 135*x + 53. Determine t(-34).
19
Let w(z) = -9*z - 722. Calculate w(-26).
-488
Let b(k) = 35*k - 392. Give b(0).
-392
Let d(p) = p**3 - 11*p**2 + 39*p - 122. What is d(8)?
-2
Let l(u) = u**3 + 28*u**2 - 32*u - 79. Calculate l(-29).
8
Let i(a) = -303*a + 6038. Calculate i(20).
-22
Let b(g) = -3*g**3 - 6*g**2 + 65*g + 22. Determine b(4).
-6
Let s(m) = -m**3 + 8*m**2 + 15*m - 7. Calculate s(8).
113
Let k(i) = 32*i**2 - 101*i - 109. Calculate k(4).
-1
Let l(t) = t**3 - 121*t**2 - 120*t - 285. Give l(122).
-41
Let x(q) = q**3 - 14*q**2 - 7*q + 28. What is x(13)?
-232
Let q(g) = g**3 + 7*g**2 + 17*g + 9. Determine q(-2).
-5
Let i(q) = 4*q**2 - 43*q + 118. What is i(5)?
3
Let i(o) = -178*o - 16731. Determine i(-94).
1
Let n(x) = -x**3 + 55*x**2 + 4509*x - 908. Calculate n(100).
-8
Let h(c) = -323*c + 45220. What is h(140)?
0
Let p(y) = y**2 - 80*y + 1315. What is p(21)?
76
Let v(y) = -259*y + 7190. What is v(28)?
-62
Let b(m) = -6*m**2 + 58*m + 39. Determine b(11).
-49
Let s(n) = -n**2 + 1494*n + 7481. Determine s(-5).
-14
Let d(t) = t**3 - 3*t**2 + 7*t - 8. Give d(9).
541
Let j(u) = -u**3 - 5*u**2 + 30*u + 39. Determine j(-7).
-73
Let m(q) = 2*q**3 + 122*q**2 + 150*q - 5062. Calculate m(-59).
12
Let f(o) = o**3 - 2*o**2 - 101*o + 9. Calculate f(11).
-13
Let k(j) = 13*j**3 + 4*j**2 - 233*j - 235. Determine k(-1).
-11
Let n(c) = 17*c - 75. Calculate n(4).
-7
Let f(y) = 41*y - 202. Determine f(7).
85
Let n(h) = -h**2 - 121*h + 1148. What is n(-131)?
-162
Let q(n) = -n**3 + 63*n**2 + 273*n - 339. Determine q(67).
-4
Let s(i) = i**3 - 4*i**2 + i - 24. Give s(5).
6
Let f(l) = -l**3 + 144*l**2 - 3070*l + 214. Calculate f(118).
-22
Let p(f) = -19*f + 132. What is p(14)?
-134
Let y(u) = -u**3 - 15*u**2 + 34*u + 13. Determine y(-17).
13
Let f(j) = j**2 - 36*j + 236. Determine f(14).
-72
Let l(n) = 3*n + 108. Give l(-30).
18
Let x(d) = d**3 - 7*d**2 - 7*d - 11. What is x(8)?
-3
Let p(v) = 26*v + 1071. What is p(-47)?
-151
Let o(z) = 2*z**3 - 30*z**2 + 4*z - 72. Give o(15).
-12
Let r(p) = 2*p**3 - 12*p**2 - 61*p + 72. Determine r(9).
9
Let u(l) = 23*l**2 - 886*l - 418. Give u(39).
11
Let k(j) = -j**2 + 37*j - 165. Give k(16).
171
Let b(z) = -z**2 - 206*z + 1058. Calculate b(5).
3
Let l(w) = -4*w**2 - 17*w + 91. Give l(3).
4
Let k(l) = 15*l**2 - 2082*l + 1648. Give k(138).
-8
Let f(l) = 137*l + 62067. Determine f(-453).
6
Let z(g) = g**3 + 10*g**2 - 15*g - 38. Calculate z(-11).
6
Let g(c) = 11613*c + 58089. Determine g(-5).
24
Let f(o) = -48*o + 206. What is f(7)?
-130
Let p(w) = 11*w**2 + 26*w + 12. Give p(-1).
-3
Let c(p) = 32*p + 11. Calculate c(-6).
-181
Let d(f) = 216*f - 2281. Give d(7).
-769
Let h(s) = -25*s**3 - 4*s**2 + 29*s - 56. What is h(2)?
-214
Let k(o) = -134*o + 5140. Give k(38).
48
Let f(a) = -208*a - 7273. Give f(-35).
7
Let g(i) = -666*i + 37954. What is g(57)?
-8
Let j(r) = r**3 + 9*r**2 + 43*r + 284. Determine j(-8).
4
Let k(p) = -2*p**3 - 22*p**2 + 12*p + 26. Give k(-12).
170
Let j(i) = -i**3 + 42*i**2 - 147*i - 94. Calculate j(38).
96
Let n(x) = 6239*x + 68627. Give n(-11).
-2
Let w(t) = -t**2 + 78*t - 6. Give w(0).
-6
Let v(l) = l**3 + 10*l**2 - 30*l - 20. What is v(-10)?
280
Let n(d) = -74*d**2 + 3988*d + 436. Calculate n(54).
4
Let a(d) = -94*d - 3004. Calculate a(-31).
-90
Let y(i) = i**3 - 5*i**2 - 36*i - 31. Determine y(12).
545
Let f(b) = 44*b -